{"id":93,"date":"2024-08-04T21:41:33","date_gmt":"2024-08-04T21:41:33","guid":{"rendered":"https:\/\/www.vlacek-upa.cz\/?page_id=93"},"modified":"2024-08-04T23:39:36","modified_gmt":"2024-08-04T23:39:36","slug":"cenik","status":"publish","type":"page","link":"https:\/\/www.vlacek-upa.cz\/?page_id=93","title":{"rendered":"Cen\u00edk"},"content":{"rendered":"\n<figure class=\"wp-block-image size-full\"><img loading=\"lazy\" decoding=\"async\" width=\"995\" height=\"270\" src=\"https:\/\/www.vlacek-upa.cz\/wp-content\/uploads\/2024\/08\/vlacek-1.png\" alt=\"\" class=\"wp-image-94\" srcset=\"https:\/\/www.vlacek-upa.cz\/wp-content\/uploads\/2024\/08\/vlacek-1.png 995w, https:\/\/www.vlacek-upa.cz\/wp-content\/uploads\/2024\/08\/vlacek-1-300x81.png 300w, https:\/\/www.vlacek-upa.cz\/wp-content\/uploads\/2024\/08\/vlacek-1-768x208.png 768w\" sizes=\"auto, (max-width: 995px) 100vw, 995px\" \/><\/figure>\n\n\n\n<h3 class=\"wp-block-heading\">Cen\u00edk j\u00edzdn\u00e9ho Vl\u00e1\u010dku \u00dap\u00e1\u010dku<\/h3>\n\n\n\n<p><strong>Jednosm\u011brn\u00e9 j\u00edzdn\u00e9:<\/strong><\/p>\n\n\n\n<ul class=\"wp-block-list\">\n<li><strong>Dosp\u011bl\u00ed:<\/strong> 200 K\u010d<\/li>\n\n\n\n<li><strong>D\u011bti do 12 let a senio\u0159i a ZTP:<\/strong> 100 K\u010d (50% sleva)<\/li>\n\n\n\n<li><strong>K jednomu dosp\u011bl\u00e9mu 1x d\u00edt\u011b do 6 let zdarma<\/strong><\/li>\n<\/ul>\n\n\n\n<p><strong>Okru\u017en\u00ed j\u00edzda (v\u010detn\u011b HOP-ON \/ HOP OFF 1 den):<\/strong><\/p>\n\n\n\n<ul class=\"wp-block-list\">\n<li><strong>Dosp\u011bl\u00ed:<\/strong> 300 K\u010d<\/li>\n\n\n\n<li><strong>D\u011bti do 12 let a senio\u0159i a ZTP:<\/strong> 150 K\u010d (50% sleva)<\/li>\n\n\n\n<li><strong>K jednomu dosp\u011bl\u00e9mu 1x d\u00edt\u011b do 6 let zdarma<\/strong><\/li>\n<\/ul>\n\n\n\n<p><strong>Speci\u00e1ln\u00ed nab\u00eddky:<\/strong><\/p>\n\n\n\n<ul class=\"wp-block-list\">\n<li><strong>\u0160koly a skupiny:<\/strong> V\u00fdrazn\u00e9 slevy<\/li>\n\n\n\n<li><strong>Partnersk\u00e1 ubytovac\u00ed za\u0159\u00edzen\u00ed: <\/strong>20% sleva na j\u00edzdn\u00e9<\/li>\n<\/ul>\n\n\n\n<p>U\u017eijte si pohodlnou a z\u00e1bavnou j\u00edzdu s Vl\u00e1\u010dkem \u00dap\u00e1\u010dkem za v\u00fdhodn\u00e9 ceny! T\u011b\u0161\u00edme se na va\u0161i n\u00e1v\u0161t\u011bvu.<\/p>\n\n\n\n<div class=\"wp-block-buttons is-layout-flex wp-block-buttons-is-layout-flex\">\n<div class=\"wp-block-button\"><a class=\"wp-block-button__link has-vivid-green-cyan-background-color has-background wp-element-button\" href=\"https:\/\/www.vlacek-upa.cz\/?page_id=114\">Rezervuj si m\u00edsto ve vl\u00e1\u010dku nebo objednej rovnou celou skupinu<\/a><\/div>\n<\/div>\n\n\n\n<div class=\"wp-block-buttons is-layout-flex wp-block-buttons-is-layout-flex\"><\/div>\n\n\n\n<figure class=\"wp-block-image size-full\"><img loading=\"lazy\" decoding=\"async\" width=\"1024\" height=\"682\" src=\"http:\/\/www.vlacek-upa.cz\/wp-content\/uploads\/2024\/08\/vlacek-mala-upa-57.jpg\" alt=\"\" class=\"wp-image-66\" srcset=\"https:\/\/www.vlacek-upa.cz\/wp-content\/uploads\/2024\/08\/vlacek-mala-upa-57.jpg 1024w, https:\/\/www.vlacek-upa.cz\/wp-content\/uploads\/2024\/08\/vlacek-mala-upa-57-300x200.jpg 300w, https:\/\/www.vlacek-upa.cz\/wp-content\/uploads\/2024\/08\/vlacek-mala-upa-57-768x512.jpg 768w, https:\/\/www.vlacek-upa.cz\/wp-content\/uploads\/2024\/08\/vlacek-mala-upa-57-370x247.jpg 370w, https:\/\/www.vlacek-upa.cz\/wp-content\/uploads\/2024\/08\/vlacek-mala-upa-57-776x517.jpg 776w\" sizes=\"auto, (max-width: 1024px) 100vw, 1024px\" \/><\/figure>\n","protected":false},"excerpt":{"rendered":"<p>Cen\u00edk j\u00edzdn\u00e9ho Vl\u00e1\u010dku \u00dap\u00e1\u010dku Jednosm\u011brn\u00e9 j\u00edzdn\u00e9: Okru\u017en\u00ed j\u00edzda (v\u010detn\u011b HOP-ON \/ HOP OFF 1 den): Speci\u00e1ln\u00ed nab\u00eddky: U\u017eijte si pohodlnou a z\u00e1bavnou j\u00edzdu s Vl\u00e1\u010dkem \u00dap\u00e1\u010dkem za v\u00fdhodn\u00e9 ceny! T\u011b\u0161\u00edme &hellip; <\/p>\n","protected":false},"author":1,"featured_media":0,"parent":0,"menu_order":0,"comment_status":"closed","ping_status":"closed","template":"","meta":{"footnotes":""},"class_list":["post-93","page","type-page","status-publish","hentry"],"jetpack_sharing_enabled":true,"_links":{"self":[{"href":"https:\/\/www.vlacek-upa.cz\/index.php?rest_route=\/wp\/v2\/pages\/93","targetHints":{"allow":["GET"]}}],"collection":[{"href":"https:\/\/www.vlacek-upa.cz\/index.php?rest_route=\/wp\/v2\/pages"}],"about":[{"href":"https:\/\/www.vlacek-upa.cz\/index.php?rest_route=\/wp\/v2\/types\/page"}],"author":[{"embeddable":true,"href":"https:\/\/www.vlacek-upa.cz\/index.php?rest_route=\/wp\/v2\/users\/1"}],"replies":[{"embeddable":true,"href":"https:\/\/www.vlacek-upa.cz\/index.php?rest_route=%2Fwp%2Fv2%2Fcomments&post=93"}],"version-history":[{"count":3,"href":"https:\/\/www.vlacek-upa.cz\/index.php?rest_route=\/wp\/v2\/pages\/93\/revisions"}],"predecessor-version":[{"id":119,"href":"https:\/\/www.vlacek-upa.cz\/index.php?rest_route=\/wp\/v2\/pages\/93\/revisions\/119"}],"wp:attachment":[{"href":"https:\/\/www.vlacek-upa.cz\/index.php?rest_route=%2Fwp%2Fv2%2Fmedia&parent=93"}],"curies":[{"name":"wp","href":"https:\/\/api.w.org\/{rel}","templated":true}]}}

Ceník

<figure class="wp-block-image size-full"><img loading="lazy" decoding="async" width="995" height="270" src="https://www.vlacek-upa.cz/wp-content/uploads/2024/08/vlacek-1.png" alt="" class="wp-image-94" srcset="https://www.vlacek-upa.cz/wp-content/uploads/2024/08/vlacek-1.png 995w, https://www.vlacek-upa.cz/wp-content/uploads/2024/08/vlacek-1-300x81.png 300w, https://www.vlacek-upa.cz/wp-content/uploads/2024/08/vlacek-1-768x208.png 768w" sizes="auto, (max-width: 995px) 100vw, 995px" /></figure>



<h3 class="wp-block-heading">Ceník jízdného Vláčku Úpáčku</h3>



<p><strong>Jednosměrné jízdné:</strong></p>



<ul class="wp-block-list">
<li><strong>Dospělí:</strong> 200 Kč</li>



<li><strong>Děti do 12 let a senioři a ZTP:</strong> 100 Kč (50% sleva)</li>



<li><strong>K jednomu dospělému 1x dítě do 6 let zdarma</strong></li>
</ul>



<p><strong>Okružní jízda (včetně HOP-ON / HOP OFF 1 den):</strong></p>



<ul class="wp-block-list">
<li><strong>Dospělí:</strong> 300 Kč</li>



<li><strong>Děti do 12 let a senioři a ZTP:</strong> 150 Kč (50% sleva)</li>



<li><strong>K jednomu dospělému 1x dítě do 6 let zdarma</strong></li>
</ul>



<p><strong>Speciální nabídky:</strong></p>



<ul class="wp-block-list">
<li><strong>Školy a skupiny:</strong> Výrazné slevy</li>



<li><strong>Partnerská ubytovací zařízení: </strong>20% sleva na jízdné</li>
</ul>



<p>Užijte si pohodlnou a zábavnou jízdu s Vláčkem Úpáčkem za výhodné ceny! Těšíme se na vaši návštěvu.</p>



<div class="wp-block-buttons is-layout-flex wp-block-buttons-is-layout-flex">
<div class="wp-block-button"><a class="wp-block-button__link has-vivid-green-cyan-background-color has-background wp-element-button" href="https://www.vlacek-upa.cz/?page_id=114">Rezervuj si místo ve vláčku nebo objednej rovnou celou skupinu</a></div>
</div>



<div class="wp-block-buttons is-layout-flex wp-block-buttons-is-layout-flex"></div>



<figure class="wp-block-image size-full"><img loading="lazy" decoding="async" width="1024" height="682" src="http://www.vlacek-upa.cz/wp-content/uploads/2024/08/vlacek-mala-upa-57.jpg" alt="" class="wp-image-66" srcset="https://www.vlacek-upa.cz/wp-content/uploads/2024/08/vlacek-mala-upa-57.jpg 1024w, https://www.vlacek-upa.cz/wp-content/uploads/2024/08/vlacek-mala-upa-57-300x200.jpg 300w, https://www.vlacek-upa.cz/wp-content/uploads/2024/08/vlacek-mala-upa-57-768x512.jpg 768w, https://www.vlacek-upa.cz/wp-content/uploads/2024/08/vlacek-mala-upa-57-370x247.jpg 370w, https://www.vlacek-upa.cz/wp-content/uploads/2024/08/vlacek-mala-upa-57-776x517.jpg 776w" sizes="auto, (max-width: 1024px) 100vw, 1024px" /></figure>

<p>Ceník jízdného Vláčku Úpáčku Jednosměrné jízdné: Okružní jízda (včetně HOP-ON / HOP OFF 1 den): Speciální nabídky: Užijte si pohodlnou a zábavnou jízdu s Vláčkem Úpáčkem za výhodné ceny! Těšíme &hellip; </p>
